{"id":32,"date":"2013-12-10T16:18:18","date_gmt":"2013-12-10T15:18:18","guid":{"rendered":"https:\/\/www.ggjmontreal.com\/?page_id=32"},"modified":"2015-12-02T12:12:54","modified_gmt":"2015-12-02T11:12:54","slug":"presentation-de-la-global-game-jam","status":"publish","type":"page","link":"https:\/\/www.ggjmontreal.com\/","title":{"rendered":"Qu&rsquo;est-ce que la Global Game Jam ?"},"content":{"rendered":"<h2 style=\"text-align: left;\">Le\u00a0Rendez-vous mondial des cr\u00e9ateurs de jeux ind\u00e9pendants<\/h2>\n<p style=\"text-align: left;\">La Global Game Jam est la plus grande Jam du monde !!<\/p>\n<p style=\"text-align: left;\">L\u2019objectif de cet \u00e9v\u00e9nement est de cr\u00e9er un jeu vid\u00e9o, en \u00e9quipe, en 48h, et avec un th\u00e8me donn\u00e9. Il a lieu durant les m\u00eames 48h partout dans le monde.\u00a0Pour sa 7e \u00e9dition en 2015, elle a rassembl\u00e9 23 000 jammers r\u00e9partis sur 488 sites et 72 pays. 4300 jeux vid\u00e9o ont \u00e9t\u00e9 cr\u00e9\u00e9s. Plusieurs sites sont propos\u00e9s au Canada\u00a0chaque ann\u00e9e.<\/p>\n<p style=\"text-align: left;\">Ce n&rsquo;est pas une comp\u00e9tition \ud83d\ude42<br \/>\nIl n\u2019y a rien \u00e0 gagner si ce n\u2019est le plaisir de cr\u00e9er de mani\u00e8re d\u00e9brid\u00e9e. C\u2019est un moment de travail, de concentration, d\u2019\u00e9changes, de rencontres, de folie\u2026<\/p>\n<p style=\"text-align: left;\"><strong>Bref historique<\/strong><br \/>\nEn 2008, Susan Gold, membre de l\u2019IGDA (US) d\u00e9cide de cr\u00e9er une Jam \u00e0 port\u00e9e mondiale en s&rsquo;inspirant de l&rsquo;Indie Game Jam, du\u00a0Ludum Dare et de la\u00a0Nordic Game Jam.\u00a0D\u00e9velopp\u00e9e\u00a0par l&rsquo;IGDA (International Game Developer&rsquo;s Association), la Global Game Jam est depuis 2013 une Association \u00e0 but non-lucratif qui\u00a0ne cesse de accro\u00eetre et de f\u00e9d\u00e9rer un maximum de jammers.<\/p>\n<p style=\"text-align: left;\">Voici une vid\u00e9o\u00a0r\u00e9sume de mani\u00e8re claire le d\u00e9roulement de la jam :<\/p>\n<p><iframe loading=\"lazy\" src=\"https:\/\/www.youtube.com\/embed\/XUzRJkD7e2w\" width=\"1150\" height=\"610\" frameborder=\"0\" allowfullscreen=\"allowfullscreen\"><\/iframe><\/p>\n<h2 style=\"text-align: center;\"><\/h2>\n","protected":false},"excerpt":{"rendered":"<p>Le\u00a0Rendez-vous mondial des cr\u00e9ateurs de jeux ind\u00e9pendants La Global Game Jam est la plus grande Jam du monde !! L\u2019objectif<\/p>\n<p class=\"readmore\"><a href=\"https:\/\/www.ggjmontreal.com\/\" title=\"Read Qu&rsquo;est-ce que la Global Game Jam ?\">Read more &raquo;<\/a><\/p>\n","protected":false},"author":2,"featured_media":0,"parent":0,"menu_order":0,"comment_status":"closed","ping_status":"closed","template":"","meta":[],"_links":{"self":[{"href":"https:\/\/www.ggjmontreal.com\/index.php?rest_route=\/wp\/v2\/pages\/32"}],"collection":[{"href":"https:\/\/www.ggjmontreal.com\/index.php?rest_route=\/wp\/v2\/pages"}],"about":[{"href":"https:\/\/www.ggjmontreal.com\/index.php?rest_route=\/wp\/v2\/types\/page"}],"author":[{"embeddable":true,"href":"https:\/\/www.ggjmontreal.com\/index.php?rest_route=\/wp\/v2\/users\/2"}],"replies":[{"embeddable":true,"href":"https:\/\/www.ggjmontreal.com\/index.php?rest_route=%2Fwp%2Fv2%2Fcomments&post=32"}],"version-history":[{"count":16,"href":"https:\/\/www.ggjmontreal.com\/index.php?rest_route=\/wp\/v2\/pages\/32\/revisions"}],"predecessor-version":[{"id":214,"href":"https:\/\/www.ggjmontreal.com\/index.php?rest_route=\/wp\/v2\/pages\/32\/revisions\/214"}],"wp:attachment":[{"href":"https:\/\/www.ggjmontreal.com\/index.php?rest_route=%2Fwp%2Fv2%2Fmedia&parent=32"}],"curies":[{"name":"wp","href":"https:\/\/api.w.org\/{rel}","templated":true}]}}